 l a composite number?
True
Is (-4)/(-26) + 11068/52 prime?
False
Is 4*(3/((-48)/(-6676)) + -3) prime?
True
Suppose 3*s - 508 = -s. Is s a prime number?
True
Suppose 4*z = 565 - 57. Is z composite?
False
Let z = 5 - 5. Suppose 3*n - 42 = -5*b, 98 = 5*n - b - z*b. Suppose -121 - n = -4*w. Is w prime?
False
Let r = 291 + 91. Is r prime?
False
Let k(g) = -g**2 + 7*g + 10. Let o be k(8). Let h be (186/(-4))/(o/(-4)). Suppose 4*y - 47 = h. Is y prime?
False
Suppose 0 = -3*r + 3*q - 3, -5*r + 0*q + 31 = 4*q. Suppose -r*o + 3*y = y - 103, 3*o - y = 107. Is o prime?
True
Let u(o) = o - 2. Let h be u(7). Suppose -5 = -p, 7*r - 237 = 3*r - h*p. Is r prime?
True
Let o(w) = -w + 10. Let n be o(7). Is (-6)/18 + 34/n composite?
False
Suppose 0 = -11*u + 6*u + 25. Suppose 5*q + 1079 - 225 = 2*l, -3*l + 1271 = -u*q. Is l a prime number?
False
Let s = 3 - 0. Suppose -3*z = 3*w - 15, z - s = 4*w + 2. Let p(b) = 33*b - 4. Is p(z) prime?
False
Suppose s - j - 6 = -0*s, 5*j = -3*s + 2. Suppose -b - 6 = -s*b. Suppose 6*i = b*i + 84. Is i prime?
False
Suppose 8 = q - k, -q = q + 2*k. Suppose -w + 4*w - q*r = -190, 5*w = -3*r - 307. Let j = 65 - w. Is j composite?
False
Suppose 3*h + 2*m = 1417, 4*m = -4 - 0. Is h a composite number?
True
Let x be 51 - (-1)/(2/4). Suppose -5*g = -k - x, 4*k - 38 = -6*g + g. Is g prime?
False
Let h = 8 - 4. Suppose 3*q + 60 = 3*x, -3*q = -x - h*x + 56. Let j = 36 + q. Is j a composite number?
True
Let u(l) = l**3 - 6*l**2 - 4*l + 4. Suppose 5*n - 2*n - 21 = 0. Let d be 2/n - (-282)/42. Is u(d) a prime number?
False
Let d(z) = -z**2 - 12*z - 6. Is d(-9) composite?
True
Let f(s) = -4*s - 1. Let j(k) = -2*k. Let h(b) = -4*f(b) + 9*j(b). Is h(-5) prime?
False
Suppose 0 = 3*q - 3, -4*q = -n + q + 948. Is n composite?
False
Let m(a) = a**2 + 7*a + 1. Let q be m(-8). Let n(y) = 49*y - 3. Let p(v) = 99*v - 7. Let w(s) = q*n(s) - 4*p(s). Is w(2) a prime number?
False
Let q = 812 + -525. Let a = q - -162. Is a a prime number?
True
Let c(v) = 3*v + 8. Let j be c(-5). Is (-2672)/(-7) - 2/j a prime number?
False
Let i = 168 + 419. Is i a composite number?
False
Suppose -64 = -f + 25. Let c = f + -36. Is c composite?
False
Is 9510/75 + (-1)/(-5) a prime number?
True
Let k(x) = 9*x + 0 - 3 - 5 + 4 + x**2. Let d be k(-10). Is 497/9 + d/(-27) composite?
True
Let s = 42 - 5. Is s composite?
False
Suppose -61 = -2*f + 13. Suppose 20 = 3*q - f. Is q composite?
False
Let r(t) = t**3 - 11*t**2 + 13*t - 1. Is r(14) prime?
True
Is ((-8095)/(-1))/1 - 2 a composite number?
False
Let f(d) = 5*d**2 - d + 1. Let x be f(1). Suppose x*b + 30 = 295. Is b composite?
False
Suppose 5*b - 448 - 342 = 0. Is b prime?
False
Let a be (8/10)/((-14)/(-2275)). Suppose -4*c + 458 = a. Is c composite?
True
Let b(m) = 157*m. Is b(1) a prime number?
True
Suppose 518 + 2 = -a. Let f = -227 - a. Is f composite?
False
Let a(i) be the third derivative of i**5/30 + i**4/12 - 5*i**3/6 + i**2. Let p(g) = -3*g - 13. Let j be p(-3). Is a(j) a prime number?
True
Suppose 39 = -5*n + 8584. Is n composite?
False
Is ((-484)/(-14) - 2) + (-3)/(-7) a prime number?
False
Let u(d) = -d**2 + 2*d + 614. Is u(0) a composite number?
True
Let w(s) = 132*s**3 - 2*s**2 - 5*s - 4. Is w(3) a prime number?
True
Let d = -7 + 17. Is d prime?
False
Let k be (-1665)/25 - 2/5. Let u = k + 95. Let o = u - 7. Is o a prime number?
False
Is (185/(-20))/(2/(-24)) a prime number?
False
Let c(r) = -3*r**2 - r. Let y be c(-1). Is y/4 + (-1561)/(-14) a prime number?
False
Suppose 0 = -5*u, -4*u + 3 + 3 = b. Suppose -b*l = -2*l - 196. Suppose 0*s + 3*n - l = -s, -3*n = -s + 43. Is s composite?
True
Let f = 26 - -29. Is f composite?
True
Let x(f) = -3*f**2 - 3*f + 3455. Is x(0) prime?
False
Suppose 3*m - 5*d = 72 + 47, -d + 75 = 2*m. Is m composite?
True
Suppose 990 + 182 = 4*w. Is w a prime number?
True
Let c = 493 + -294. Is c prime?
True
Let u(z) = -2*z**3 - z**2 - z - 1. Let v be u(-4). Suppose -3 = -2*j + 3. Suppose 2*d + 103 = -3*s + 6*s, -j*s + v = d. Is s prime?
True
Let f = -6 + 6. Suppose f = 4*x - o - 692 - 504, 299 = x + 4*o. Is x a composite number?
True
Let i(l) = 13*l. Let t be i(1). Let z be 0 + 0/(-1) + 24. Let y = t + z. Is y a prime number?
True
Let d = -115 - 55. Let k = 330 + d. Is 3/(-9) + k/3 a composite number?
False
Suppose 971 + 41 = 4*y. Let g = -94 + y. Is g a prime number?
False
Let c = 4 + -4. Suppose 1 = 2*m + 3*j - c, -8 = -3*m + 2*j. Suppose 2*f + 5*d - 51 - 30 = 0, 4*f + m*d - 138 = 0. Is f prime?
False
Let n = -648 - -2145. Is n prime?
False
Suppose -a + 69 = -0*q - 3*q, -2*q - 4 = 0. Let o = a - 42. Is o/2 - 6/12 a composite number?
True
Suppose v + 11 = -u, 0 = 5*u - 3*v - 2*v + 5. Let d(b) = 13*b**2 + 8*b + 2. Is d(u) a composite number?
True
Let y be 2/9 + (-150)/(-54). Suppose 0*l = y*l - 54. Suppose 3*n - n = l. Is n composite?
True
Suppose -5*f + 5*m = -725, 3*f - 208 = 2*m + 231. Is f a prime number?
True
Suppose -5*j + 159 + 454 = 4*o, 451 = 3*o + 2*j. Suppose -4*i = -i - o. Is i a composite number?
True
Suppose -5*w = -604 - 231. Suppose 0 = -2*r - 3*a + 2*a + w, 0 = -3*r + a + 258. Is r prime?
False
Let d be (-8 - -2) + 2*-1. Let a be (6/d)/((-5)/20). Suppose -4*k + 27 = p, 53 = a*p - 3*k + k. Is p a composite number?
False
Let f(s) = s**2 + 3*s - 3. Let g be f(-4). Let r be (-11)/5 + g/5. Is (-128)/(-6) + r/6 a prime number?
False
Suppose 2*t - 3*v - 11948 = 0, 5*t - 7950 = v + 21907. Is t prime?
False
Suppose 0 = -p + 2*p - 2. Suppose 1135 = p*z - 5*k, -3*z - 3*k = 2*z - 2791. Is 3/9 + z/3 a prime number?
False
Suppose -t - c = 0, 0 = 3*t - 2*c - 8 - 12. Suppose 7*b + 2*o - 754 = 3*b, 3*o = -t*b + 749. Is b composite?
False
Let c = -377 - -628. Is c prime?
True
Let c(u) = -257*u**3 - 1. Let t be c(-1). Suppose 4*w + 4*f - t = 0, -w - 4*w - 2*f = -317. Let i = w + 50. Is i composite?
False
Let h = 46 + -130. Let q = 119 + h. Is q composite?
True
Let b(a) = 1 - 2 - 23*a + 0*a. Let g be b(2). Let o = 70 + g. Is o a composite number?
False
Suppose 5276 = -7*h + 11*h. Is h a composite number?
False
Let u(q) = -q**2 + 2*q + 203. Is u(0) prime?
False
Let x = 33 - 29. Suppose -1203 = -x*k + 5*o, k + 2*o = -3*o + 332. Is k composite?
False
Suppose -204 = -4*r + 572. Suppose -5*k = -4*q + 833 - 78, 3*k + r = q. Is q a composite number?
True
Let h(x) be the third derivative of x**9/60480 - x**8/20160 - x**7/720 + x**6/120 - x**5/60 + x**2. Let j(a) be the third derivative of h(a). Is j(4) composite?
True
Suppose -2*n + 409 = 3*i, -6*i - 2*n = -2*i - 548. Is i a prime number?
True
Suppose 298 = -4*o - 5*h, 2*h = -4*o - 253 - 39. Let k = 5 - o. Is k a prime number?
False
Suppose -4*l + 2252 = -320. Suppose 5*o = 442 + l. Suppose m + 2*b - o = 4*b, -1049 = -5*m - 2*b. Is m prime?
True
Suppose 3 + 2 = -p - 3*v, 0 = 5*v + 15. Suppose -p*z - 353 = -3*q, -129 - 454 = -5*q + 4*z. Is q a prime number?
False
Suppose -2*f = -4*o - o - 1767, -2638 = -3*f + 5*o. Is f a prime number?
False
Suppose 0 = 2*x - 14 - 2. Let z(y) = -y**3 + 11*y**2 - 7*y - 5. Is z(x) composite?
False
Let r(o) = -44*o + 2. Let l be r(-6). Let q be (3 - 1) + (5 - 5). Suppose q*k = -0*k + l. Is k composite?
True
Let b be 4/(-6)*1239/14. Is b/(-4) - 11/(-44) a composite number?
True
Let f(r) = 5*r**3 - r**2 + r - 1. Let b be f(1). Let x = b - 6. Is (-2)/x*23 + -1 prime?
False
Suppose 0 = 5*z - 4*v - 617, -366 = -5*z + 2*z + v. Is z a prime number?
False
Suppose y = 4*o, 5*o - 31 = -3*y + 20. Let k = y + -9. Is 2 - (-11*k + -2) a composite number?
False
Suppose 4*k - 1727 = -3*b, 629 + 1659 = 4*b - 2*k. Is b composite?
True
Let l = -23 - -16. Let v(q) = 3*q**2 + 5 + 5*q - q**2 - q**2. Is v(l) prime?
True
Let m(y) = -4*y - 11 + 12*y**2 + 2*y**3 + 10*y**2 - 3*y. Is m(-10) prime?
False
Let w = 16 - -94. Let i = w + -197. Is (-14)/(-3)*i/(-2) a prime number?
False
Is (16/(-80))/(35182/(-17590) + 2) composite?
False
Let j = 10 + -10. Let z = 54 - 28. Suppose -t + j*t - 38 = -m, -3*t = m - z. Is m a composite number?
True
Is (1 + 75/(-6))*44/(-2) prime?
False
Suppose 0*m = -3*m - z + 72, -5*z = -3*m + 72. Let i = m - 60. Let r = i + 67. Is r composite?
False
Let v(j) = 880*j**2 - 9*j - 11. Is v(-2) composite?
False
Suppose 8*l = 2*l + 12372. Is l a prime number?
False
Let v(x) = 22*x + 33. Is v(14) a composite number?
True
Let k =